{"id":6894,"date":"2024-07-22T09:33:09","date_gmt":"2024-07-22T09:33:09","guid":{"rendered":"https:\/\/foglegeszsegugy.videoton.hu\/?page_id=6894"},"modified":"2024-07-30T09:02:35","modified_gmt":"2024-07-30T09:02:35","slug":"rendelesek","status":"publish","type":"page","link":"https:\/\/foglegeszsegugy.videoton.hu\/index.php\/rendelesek\/","title":{"rendered":"Rendel\u00e9sek"},"content":{"rendered":"<div data-colibri-id=\"6894-c1\" class=\"style-5407 style-local-6894-c1 position-relative\">\n  <!---->\n  <div data-colibri-component=\"section\" data-colibri-id=\"6894-c2\" id=\"fejlec\" class=\"h-section h-section-global-spacing colibri-featured-img-bg d-flex align-items-lg-center align-items-md-center align-items-center style-5408 style-local-6894-c2 position-relative\">\n    <div class=\"background-wrapper\">\n      <div class=\"background-layer background-layer-media-container-lg\">\n        <!---->\n        <div class=\"overlay-layer\">\n          <div class=\"overlay-image-layer\" style=\"background-color: rgb(34, 96, 166); opacity: 0.7;\"><\/div>\n        <\/div>\n      <\/div>\n      <div class=\"background-layer background-layer-media-container-md\">\n        <!---->\n        <div class=\"overlay-layer\">\n          <div class=\"overlay-image-layer\" style=\"background-color: rgb(34, 96, 166); opacity: 0.7;\"><\/div>\n        <\/div>\n      <\/div>\n      <div class=\"background-layer background-layer-media-container\">\n        <!---->\n        <div class=\"overlay-layer\">\n          <div class=\"overlay-image-layer\" style=\"background-color: rgb(34, 96, 166); opacity: 0.7;\"><\/div>\n        <\/div>\n      <\/div>\n    <\/div>\n    <!---->\n    <div class=\"h-separator\" style=\"height: 59px; bottom: calc(0px);\">\n      <svg style=\"fill:rgb(34, 96, 166);transform:rotateX(180deg);\" xmlns=\"http:\/\/www.w3.org\/2000\/svg\" preserveAspectRatio=\"none\" viewBox=\"0 0 1000 100\">\n        <path id=\"path2\" d=\"M 1000,0 H 0 v 100 z\" class=\"svg-white-bg\"><\/path>\n      <\/svg>\n    <\/div>\n    <div class=\"h-section-grid-container h-section-boxed-container\">\n      <!---->\n      <div data-colibri-id=\"6894-c3\" class=\"h-row-container gutters-row-lg-2 gutters-row-md-2 gutters-row-0 gutters-row-v-lg-2 gutters-row-v-md-2 gutters-row-v-2 style-5409 style-local-6894-c3 position-relative\">\n        <!---->\n        <div class=\"h-row justify-content-lg-center justify-content-md-center justify-content-center align-items-lg-stretch align-items-md-stretch align-items-stretch gutters-col-lg-2 gutters-col-md-2 gutters-col-0 gutters-col-v-lg-2 gutters-col-v-md-2 gutters-col-v-2\">\n          <!---->\n          <div class=\"h-column h-column-container d-flex h-col-lg-auto h-col-md-auto h-col-auto style-5410-outer style-local-6894-c4-outer\">\n            <div data-colibri-id=\"6894-c4\" class=\"d-flex h-flex-basis h-column__inner h-px-lg-2 h-px-md-2 h-px-2 v-inner-lg-2 v-inner-md-2 v-inner-2 style-5410 style-local-6894-c4 position-relative\">\n              <!---->\n              <!---->\n              <div class=\"w-100 h-y-container h-column__content h-column__v-align flex-basis-100 align-self-lg-start align-self-md-start align-self-start\">\n                <!---->\n                <div data-colibri-id=\"6894-c5\" class=\"h-global-transition-all h-heading style-5411 style-local-6894-c5 position-relative h-element\">\n                  <!---->\n                  <div class=\"h-heading__outer style-5411 style-local-6894-c5\">\n                    <!---->\n                    <!---->\n                    <h2 class=\"\">RENDEL\u00c9SEK<\/h2>\n                  <\/div>\n                <\/div>\n              <\/div>\n            <\/div>\n          <\/div>\n        <\/div>\n      <\/div>\n    <\/div>\n  <\/div>\n  <div data-colibri-component=\"section\" data-colibri-id=\"6894-c6\" id=\"about\" class=\"h-section h-section-global-spacing d-flex align-items-lg-center align-items-md-center align-items-center style-5413 style-local-6894-c6 position-relative\">\n    <!---->\n    <!---->\n    <div class=\"h-section-grid-container h-section-boxed-container\">\n      <!---->\n      <div data-colibri-id=\"6894-c7\" class=\"h-row-container gutters-row-lg-2 gutters-row-md-2 gutters-row-2 gutters-row-v-lg-2 gutters-row-v-md-2 gutters-row-v-2 style-5414 style-local-6894-c7 position-relative\">\n        <!---->\n        <div class=\"h-row justify-content-lg-center justify-content-md-center justify-content-center align-items-lg-stretch align-items-md-stretch align-items-stretch gutters-col-lg-2 gutters-col-md-2 gutters-col-2 gutters-col-v-lg-2 gutters-col-v-md-2 gutters-col-v-2\">\n          <!---->\n          <div class=\"h-column h-column-container d-flex h-col-lg-auto h-col-md-auto h-col-auto style-5415-outer style-local-6894-c8-outer\">\n            <div data-colibri-id=\"6894-c8\" class=\"d-flex h-flex-basis h-column__inner h-px-lg-2 h-px-md-2 h-px-2 v-inner-lg-2 v-inner-md-2 v-inner-2 style-5415 style-local-6894-c8 position-relative\">\n              <!---->\n              <!---->\n              <div class=\"w-100 h-y-container h-column__content h-column__v-align flex-basis-100 align-self-lg-center align-self-md-center align-self-center\">\n                <!---->\n                <div data-colibri-id=\"6894-c9\" class=\"h-global-transition-all h-heading style-5416 style-local-6894-c9 position-relative h-element\">\n                  <!---->\n                  <div class=\"h-heading__outer style-5416 style-local-6894-c9\">\n                    <!---->\n                    <!---->\n                    <h2 class=\"\">\u201eEg\u00e9szs\u00e9ges munkav\u00e1llal\u00f3 az eg\u00e9szs\u00e9ges munkahelyen\u201d<\/h2>\n                  <\/div>\n                <\/div>\n                <div data-colibri-id=\"6894-c10\" class=\"h-lead h-text h-text-component style-5417 style-local-6894-c10 position-relative h-element\">\n                  <!---->\n                  <!---->\n                  <div class=\"\">\n                    <p>Orvosi rendel\u0151nkben elk\u00f6telezettek vagyunk az \u00d6n eg\u00e9szs\u00e9g\u00e9nek meg\u0151rz\u00e9se \u00e9s jav\u00edt\u00e1sa mellett. K\u00e9tf\u00e9le rendel\u00e9si lehet\u0151s\u00e9get k\u00edn\u00e1lunk, hogy mindenki megtal\u00e1lhassa a sz\u00e1m\u00e1ra legmegfelel\u0151bb ell\u00e1t\u00e1st:\n                      <br>\n                      <br><strong style=\"font-weight: 700;\"><u>Mag\u00e1nrendel\u00e9sek <br><\/u><\/strong>A mag\u00e1nrendel\u00e9sek mindenki sz\u00e1m\u00e1ra el\u00e9rhet\u0151k. Ha szeretn\u00e9 ig\u00e9nybe venni ezt a szolg\u00e1ltat\u00e1st, k\u00e9rj\u00fck, jelentkezzen be a megadott el\u00e9rhet\u0151s\u00e9geken. Magasan k\u00e9pzett\n                      orvosaink v\u00e1rj\u00e1k \u00d6nt, hogy a legmodernebb orvosi ell\u00e1t\u00e1sban r\u00e9szes\u00fclj\u00f6n.\n                      <br>\n                      <br><strong style=\"font-weight: 700;\"><u>VDA Rendel\u00e9sek<\/u><\/strong>\n                      <br>A VDA rendel\u00e9sek kifejezetten a c\u00e9gcsoport akt\u00edv munkav\u00e1llal\u00f3i \u00e9s a c\u00e9gcsoportt\u00f3l nyugd\u00edjba vonult koll\u00e9g\u00e1k sz\u00e1m\u00e1ra \u00e1llnak rendelkez\u00e9sre.&nbsp;Ez a szolg\u00e1ltat\u00e1s biztos\u00edtja, hogy munkav\u00e1llal\u00f3ink \u00e9s nyugd\u00edjasaink folyamatosan kiv\u00e1l\u00f3\n                      eg\u00e9szs\u00e9g\u00fcgyi ell\u00e1t\u00e1sban r\u00e9szes\u00fcljenek.\n                      <br>\n                      <br><em>Nyugd\u00edjasoknak, a<\/em><em style=\"color: rgb(37, 59, 113); font-family: &quot;Noto Sans&quot;; font-size: 17px; font-weight: 400;\">z ig\u00e9nybev\u00e9telhez VDA nyugd\u00edjas k\u00e1rtya sz\u00fcks\u00e9ges.<\/em><em><br><\/em>&nbsp;<\/p>\n                  <\/div>\n                <\/div>\n                <div data-colibri-id=\"6894-c11\" class=\"h-global-transition-all h-heading style-5418 style-local-6894-c11 position-relative h-element\">\n                  <!---->\n                  <div class=\"h-heading__outer style-5418 style-local-6894-c11\">\n                    <!---->\n                    <!---->\n                    <h5 class=\"\">Tov\u00e1bbi inform\u00e1ci\u00f3k\u00e9rt \u00e9s a bejelentkez\u00e9shez k\u00e9rj\u00fck, kattintson az al\u00e1bbi linkekre:<\/h5>\n                  <\/div>\n                <\/div>\n                <div data-colibri-id=\"6894-c12\" class=\"h-row-container gutters-row-lg-2 gutters-row-md-2 gutters-row-0 gutters-row-v-lg-2 gutters-row-v-md-2 gutters-row-v-2 style-5437 style-local-6894-c12 position-relative\">\n                  <!---->\n                  <div class=\"h-row justify-content-lg-center justify-content-md-center justify-content-center align-items-lg-stretch align-items-md-stretch align-items-stretch gutters-col-lg-2 gutters-col-md-2 gutters-col-0 gutters-col-v-lg-2 gutters-col-v-md-2 gutters-col-v-2\">\n                    <!---->\n                    <div class=\"h-column h-column-container d-flex h-col-lg-auto h-col-md-auto h-col-auto style-5438-outer style-local-6894-c13-outer\">\n                      <div data-colibri-id=\"6894-c13\" class=\"d-flex h-flex-basis h-column__inner h-px-lg-2 h-px-md-2 h-px-2 v-inner-lg-2 v-inner-md-2 v-inner-2 style-5438 style-local-6894-c13 position-relative\">\n                        <!---->\n                        <!---->\n                        <div class=\"w-100 h-y-container h-column__content h-column__v-align flex-basis-100 align-self-lg-start align-self-md-start align-self-start\">\n                          <!---->\n                          <div data-colibri-id=\"6894-c14\" class=\"h-x-container style-5440 style-local-6894-c14 position-relative h-element\">\n                            <!---->\n                            <div class=\"h-x-container-inner style-dynamic-6894-c14-group style-5440-spacing style-local-6894-c14-spacing\"><span class=\"h-button__outer style-5441-outer style-local-6894-c15-outer d-inline-flex h-element\"><a h-use-smooth-scroll=\"true\" href=\"https:\/\/foglegeszsegugy.videoton.hu\/index.php\/maganrendeles\/\"  data-colibri-id=\"6894-c15\" class=\"d-flex w-100 align-items-center h-button justify-content-lg-center justify-content-md-center justify-content-center style-5441 style-local-6894-c15 position-relative\"><!----><!----> <span>mag\u00e1nrendel\u00e9sek<\/span><\/a>\n                              <\/span>\n                            <\/div>\n                          <\/div>\n                        <\/div>\n                      <\/div>\n                    <\/div>\n                    <div class=\"h-column h-column-container d-flex h-col-lg-auto h-col-md-auto h-col-auto style-5439-outer style-local-6894-c16-outer\">\n                      <div data-colibri-id=\"6894-c16\" class=\"d-flex h-flex-basis h-column__inner h-px-lg-2 h-px-md-2 h-px-2 v-inner-lg-2 v-inner-md-2 v-inner-2 style-5439 style-local-6894-c16 position-relative\">\n                        <!---->\n                        <!---->\n                        <div class=\"w-100 h-y-container h-column__content h-column__v-align flex-basis-100 align-self-lg-start align-self-md-start align-self-start\">\n                          <!---->\n                          <div data-colibri-id=\"6894-c17\" class=\"h-x-container style-5442 style-local-6894-c17 position-relative h-element\">\n                            <!---->\n                            <div class=\"h-x-container-inner style-dynamic-6894-c17-group style-5442-spacing style-local-6894-c17-spacing\"><span class=\"h-button__outer style-5441-outer style-local-6894-c18-outer d-inline-flex h-element\"><a h-use-smooth-scroll=\"true\" href=\"https:\/\/foglegeszsegugy.videoton.hu\/index.php\/vda-rendeles\/\"  data-colibri-id=\"6894-c18\" class=\"d-flex w-100 align-items-center h-button justify-content-lg-center justify-content-md-center justify-content-center style-5441 style-local-6894-c18 position-relative\"><!----><!----> <span>VDA rendel\u00e9sek<\/span><\/a>\n                              <\/span>\n                            <\/div>\n                          <\/div>\n                        <\/div>\n                      <\/div>\n                    <\/div>\n                  <\/div>\n                <\/div>\n              <\/div>\n            <\/div>\n          <\/div>\n          <div class=\"h-column h-column-container d-flex h-col-lg-auto h-col-md-auto h-col-auto style-5419-outer style-local-6894-c19-outer\">\n            <div data-colibri-id=\"6894-c19\" class=\"d-flex h-flex-basis h-column__inner h-px-lg-2 h-px-md-2 h-px-2 v-inner-lg-2 v-inner-md-2 v-inner-2 style-5419 style-local-6894-c19 position-relative\">\n              <!---->\n              <!---->\n              <div class=\"w-100 h-y-container h-column__content h-column__v-align flex-basis-100 align-self-lg-center align-self-md-center align-self-center\">\n                <!---->\n                <div data-colibri-id=\"6894-c20\" class=\"d-block style-5420 style-local-6894-c20 h-hide-sm position-relative h-element\">\n                  <!---->\n                  <div class=\"h-image__frame-container-outer\">\n                    <div class=\"h-image__frame-container\">\n                      <!---->\n                      <!---->\n                      <img loading=\"lazy\" decoding=\"async\" width=\"1080\" height=\"1079\" src=\"http:\/\/foglegeszsegugy.videoton.hu\/wp-content\/uploads\/2024\/07\/cropped-12-1.jpg\" class=\"wp-image-7675 style-5420-image style-local-6894-c20-image\" alt=\"\" srcset=\"https:\/\/foglegeszsegugy.videoton.hu\/wp-content\/uploads\/2024\/07\/cropped-12-1.jpg 1080w, https:\/\/foglegeszsegugy.videoton.hu\/wp-content\/uploads\/2024\/07\/cropped-12-1-300x300.jpg 300w, https:\/\/foglegeszsegugy.videoton.hu\/wp-content\/uploads\/2024\/07\/cropped-12-1-1024x1024.jpg 1024w, https:\/\/foglegeszsegugy.videoton.hu\/wp-content\/uploads\/2024\/07\/cropped-12-1-150x150.jpg 150w, https:\/\/foglegeszsegugy.videoton.hu\/wp-content\/uploads\/2024\/07\/cropped-12-1-768x767.jpg 768w\" sizes=\"auto, (max-width: 1080px) 100vw, 1080px\" \/>\n                      <div class=\"h-image__frame h-hide-lg h-hide-md h-hide-sm style-5420-frameImage style-local-6894-c20-frameImage\"><\/div>\n                    <\/div>\n                  <\/div>\n                <\/div>\n              <\/div>\n            <\/div>\n          <\/div>\n        <\/div>\n      <\/div>\n    <\/div>\n  <\/div>\n<\/div>","protected":false},"excerpt":{"rendered":"<p>RENDEL\u00c9SEK \u201eEg\u00e9szs\u00e9ges munkav\u00e1llal\u00f3 az eg\u00e9szs\u00e9ges munkahelyen\u201d Orvosi rendel\u0151nkben elk\u00f6telezettek vagyunk az \u00d6n eg\u00e9szs\u00e9g\u00e9nek meg\u0151rz\u00e9se \u00e9s jav\u00edt\u00e1sa mellett. K\u00e9tf\u00e9le rendel\u00e9si lehet\u0151s\u00e9get k\u00edn\u00e1lunk, hogy mindenki megtal\u00e1lhassa a sz\u00e1m\u00e1ra legmegfelel\u0151bb ell\u00e1t\u00e1st: Mag\u00e1nrendel\u00e9sek A mag\u00e1nrendel\u00e9sek mindenki sz\u00e1m\u00e1ra el\u00e9rhet\u0151k. Ha szeretn\u00e9 ig\u00e9nybe venni ezt a szolg\u00e1ltat\u00e1st, k\u00e9rj\u00fck, jelentkezzen be a megadott el\u00e9rhet\u0151s\u00e9geken. Magasan k\u00e9pzett orvosaink v\u00e1rj\u00e1k \u00d6nt, hogy a legmodernebb [&hellip;]<\/p>\n","protected":false},"author":4,"featured_media":0,"parent":0,"menu_order":0,"comment_status":"closed","ping_status":"closed","template":"page-templates\/full-width-page.php","meta":{"footnotes":""},"class_list":["post-6894","page","type-page","status-publish","hentry"],"_links":{"self":[{"href":"https:\/\/foglegeszsegugy.videoton.hu\/index.php\/wp-json\/wp\/v2\/pages\/6894","targetHints":{"allow":["GET"]}}],"collection":[{"href":"https:\/\/foglegeszsegugy.videoton.hu\/index.php\/wp-json\/wp\/v2\/pages"}],"about":[{"href":"https:\/\/foglegeszsegugy.videoton.hu\/index.php\/wp-json\/wp\/v2\/types\/page"}],"author":[{"embeddable":true,"href":"https:\/\/foglegeszsegugy.videoton.hu\/index.php\/wp-json\/wp\/v2\/users\/4"}],"replies":[{"embeddable":true,"href":"https:\/\/foglegeszsegugy.videoton.hu\/index.php\/wp-json\/wp\/v2\/comments?post=6894"}],"version-history":[{"count":12,"href":"https:\/\/foglegeszsegugy.videoton.hu\/index.php\/wp-json\/wp\/v2\/pages\/6894\/revisions"}],"predecessor-version":[{"id":7790,"href":"https:\/\/foglegeszsegugy.videoton.hu\/index.php\/wp-json\/wp\/v2\/pages\/6894\/revisions\/7790"}],"wp:attachment":[{"href":"https:\/\/foglegeszsegugy.videoton.hu\/index.php\/wp-json\/wp\/v2\/media?parent=6894"}],"curies":[{"name":"wp","href":"https:\/\/api.w.org\/{rel}","templated":true}]}}