{"id":7303,"date":"2024-07-25T05:41:50","date_gmt":"2024-07-25T05:41:50","guid":{"rendered":"https:\/\/foglegeszsegugy.videoton.hu\/?page_id=7303"},"modified":"2024-07-30T08:48:22","modified_gmt":"2024-07-30T08:48:22","slug":"carotis-pajzsmirigy-szures","status":"publish","type":"page","link":"https:\/\/foglegeszsegugy.videoton.hu\/index.php\/carotis-pajzsmirigy-szures\/","title":{"rendered":"Carotis + pajzsmirigy sz\u0171r\u00e9s"},"content":{"rendered":"<div data-colibri-id=\"7303-c1\" class=\"style-5595 style-local-7303-c1 position-relative\">\r\n  <!---->\r\n  <div data-colibri-component=\"section\" data-colibri-id=\"7303-c2\" id=\"custom\" class=\"h-section h-section-global-spacing colibri-featured-img-bg d-flex align-items-lg-center align-items-md-center align-items-center style-5596 style-local-7303-c2 position-relative\">\r\n    <div class=\"background-wrapper\">\r\n      <div class=\"background-layer background-layer-media-container-lg\">\r\n        <!---->\r\n        <div class=\"overlay-layer\">\r\n          <div class=\"overlay-image-layer\" style=\"background-color: rgb(34, 96, 166); opacity: 0.5;\"><\/div>\r\n        <\/div>\r\n      <\/div>\r\n      <div class=\"background-layer background-layer-media-container-md\">\r\n        <!---->\r\n        <div class=\"overlay-layer\">\r\n          <div class=\"overlay-image-layer\" style=\"background-color: rgb(34, 96, 166); opacity: 0.5;\"><\/div>\r\n        <\/div>\r\n      <\/div>\r\n      <div class=\"background-layer background-layer-media-container\">\r\n        <!---->\r\n        <div class=\"overlay-layer\">\r\n          <div class=\"overlay-image-layer\" style=\"background-color: rgb(34, 96, 166); opacity: 0.5;\"><\/div>\r\n        <\/div>\r\n      <\/div>\r\n    <\/div>\r\n    <!---->\r\n    <div class=\"h-section-grid-container h-section-boxed-container\">\r\n      <!---->\r\n      <div data-colibri-id=\"7303-c3\" class=\"h-row-container gutters-row-lg-2 gutters-row-md-2 gutters-row-0 gutters-row-v-lg-2 gutters-row-v-md-2 gutters-row-v-2 style-5597 style-local-7303-c3 position-relative\">\r\n        <!---->\r\n        <div class=\"h-row justify-content-lg-center justify-content-md-center justify-content-center align-items-lg-stretch align-items-md-stretch align-items-stretch gutters-col-lg-2 gutters-col-md-2 gutters-col-0 gutters-col-v-lg-2 gutters-col-v-md-2 gutters-col-v-2\">\r\n          <!---->\r\n          <div class=\"h-column h-column-container d-flex h-col-lg-auto h-col-md-auto h-col-auto style-5598-outer style-local-7303-c4-outer\">\r\n            <div data-colibri-id=\"7303-c4\" class=\"d-flex h-flex-basis h-column__inner h-px-lg-2 h-px-md-2 h-px-2 v-inner-lg-2 v-inner-md-2 v-inner-2 style-5598 style-local-7303-c4 position-relative\">\r\n              <!---->\r\n              <!---->\r\n              <div class=\"w-100 h-y-container h-column__content h-column__v-align flex-basis-100 align-self-lg-start align-self-md-start align-self-start\">\r\n                <!---->\r\n                <div data-colibri-id=\"7303-c5\" class=\"h-global-transition-all h-heading style-5599 style-local-7303-c5 position-relative h-element\">\r\n                  <!---->\r\n                  <div class=\"h-heading__outer style-5599 style-local-7303-c5\">\r\n                    <!---->\r\n                    <!---->\r\n                    <h2 class=\"\">Carotis + Pajzsmirigy sz\u0171r\u00e9s<\/h2>\r\n                  <\/div>\r\n                <\/div>\r\n              <\/div>\r\n            <\/div>\r\n          <\/div>\r\n        <\/div>\r\n      <\/div>\r\n    <\/div>\r\n  <\/div>\r\n  <div data-colibri-component=\"section\" data-colibri-id=\"7303-c6\" id=\"reusable-sections\" class=\"h-section h-section-global-spacing d-flex align-items-lg-center align-items-md-center align-items-center style-5622 style-local-7303-c6 position-relative\">\r\n    <!---->\r\n    <!---->\r\n    <div class=\"h-section-grid-container h-section-boxed-container\">\r\n      <!---->\r\n      <div data-colibri-id=\"7303-c7\" class=\"h-row-container gutters-row-lg-0 gutters-row-md-0 gutters-row-0 gutters-row-v-lg-0 gutters-row-v-md-0 gutters-row-v-0 style-5623 style-local-7303-c7 position-relative\">\r\n        <!---->\r\n        <div class=\"h-row justify-content-lg-center justify-content-md-center justify-content-center align-items-lg-stretch align-items-md-stretch align-items-stretch gutters-col-lg-0 gutters-col-md-0 gutters-col-0 gutters-col-v-lg-0 gutters-col-v-md-0 gutters-col-v-0\">\r\n          <!---->\r\n          <div class=\"h-column h-column-container d-flex h-col-lg-auto h-col-md-auto h-col-auto style-5624-outer style-local-7303-c8-outer\">\r\n            <div data-colibri-id=\"7303-c8\" class=\"d-flex h-flex-basis h-column__inner h-ui-empty-state-container h-px-lg-0 h-px-md-0 h-px-0 v-inner-lg-0 v-inner-md-0 v-inner-0 style-5624 style-local-7303-c8 position-relative\">\r\n              <!---->\r\n              <!---->\r\n              <div class=\"w-100 h-y-container h-column__content h-column__v-align flex-basis-100\">\r\n                <!---->\r\n              <\/div>\r\n            <\/div>\r\n          <\/div>\r\n          <div class=\"h-column h-column-container d-flex h-col-lg-auto h-col-md-auto h-col-auto style-5625-outer style-local-7303-c9-outer\">\r\n            <div data-colibri-id=\"7303-c9\" class=\"d-flex h-flex-basis h-column__inner h-px-lg-3 h-px-md-3 h-px-3 v-inner-lg-3 v-inner-md-3 v-inner-3 style-5625 style-local-7303-c9 position-relative\">\r\n              <!---->\r\n              <!---->\r\n              <div class=\"w-100 h-y-container h-column__content h-column__v-align flex-basis-100 align-self-lg-center align-self-md-center align-self-center\">\r\n                <!---->\r\n                <div data-colibri-id=\"7303-c10\" class=\"h-global-transition-all h-heading style-5626 style-local-7303-c10 position-relative h-element\">\r\n                  <!---->\r\n                  <div class=\"h-heading__outer style-5626 style-local-7303-c10\">\r\n                    <!---->\r\n                    <!---->\r\n                    <h4 class=\"\">Laborat\u00f3riumi vizsg\u00e1lat<\/h4>\r\n                  <\/div>\r\n                <\/div>\r\n                <div data-colibri-id=\"7303-c11\" class=\"h-text h-text-component style-5627 style-local-7303-c11 position-relative h-element\">\r\n                  <!---->\r\n                  <!---->\r\n                  <div class=\"\">\r\n                    <p>A laborvizsg\u00e1lat v\u00e9n\u00e1s v\u00e9rv\u00e9telb\u0151l \u00e9s vizeletvizsg\u00e1latb\u00f3l \u00e1ll. A v\u00e9rv\u00e9telb\u0151l v\u00e9rk\u00e9p, m\u00e1jfunkci\u00f3s, vesefunkci\u00f3s, elektrolit elt\u00e9r\u00e9seket igazolhatunk. A 40 \u00e9v feletti f\u00e9rfiak eset\u00e9n PSA (prosztata specifikus antig\u00e9n) vizsg\u00e1lat t\u00f6rt\u00e9nik,\r\n                      hogy id\u0151ben kisz\u0171rhess\u00fck a prosztata daganatokat. Lehet\u0151s\u00e9g van sz\u00e9klet v\u00e9rvizsg\u00e1lat elv\u00e9gz\u00e9s\u00e9re is.<\/p>\r\n                  <\/div>\r\n                <\/div>\r\n              <\/div>\r\n            <\/div>\r\n          <\/div>\r\n        <\/div>\r\n      <\/div>\r\n      <div data-colibri-id=\"7303-c12\" class=\"h-row-container gutters-row-lg-0 gutters-row-md-0 gutters-row-0 gutters-row-v-lg-0 gutters-row-v-md-0 gutters-row-v-0 style-5628 style-local-7303-c12 position-relative\">\r\n        <!---->\r\n        <div class=\"h-row justify-content-lg-center justify-content-md-center justify-content-center align-items-lg-stretch align-items-md-stretch align-items-stretch gutters-col-lg-0 gutters-col-md-0 gutters-col-0 gutters-col-v-lg-0 gutters-col-v-md-0 gutters-col-v-0\">\r\n          <!---->\r\n          <div class=\"h-column h-column-container d-flex h-col-lg-auto h-col-md-auto h-col-auto style-5629-outer style-local-7303-c13-outer\">\r\n            <div data-colibri-id=\"7303-c13\" class=\"d-flex h-flex-basis h-column__inner h-ui-empty-state-container h-px-lg-0 h-px-md-0 h-px-0 v-inner-lg-0 v-inner-md-0 v-inner-0 style-5629 style-local-7303-c13 position-relative\">\r\n              <!---->\r\n              <!---->\r\n              <div class=\"w-100 h-y-container h-column__content h-column__v-align flex-basis-100\">\r\n                <!---->\r\n              <\/div>\r\n            <\/div>\r\n          <\/div>\r\n          <div class=\"h-column h-column-container d-flex h-col-lg-auto h-col-md-auto h-col-auto style-5630-outer style-local-7303-c14-outer\">\r\n            <div data-colibri-id=\"7303-c14\" class=\"d-flex h-flex-basis h-column__inner h-px-lg-3 h-px-md-0 h-px-3 v-inner-lg-3 v-inner-md-0 v-inner-3 style-5630 style-local-7303-c14 position-relative\">\r\n              <!---->\r\n              <!---->\r\n              <div class=\"w-100 h-y-container h-column__content h-column__v-align flex-basis-100 align-self-lg-center align-self-md-center align-self-center\">\r\n                <!---->\r\n                <div data-colibri-id=\"7303-c15\" class=\"h-global-transition-all h-heading style-5631 style-local-7303-c15 position-relative h-element\">\r\n                  <!---->\r\n                  <div class=\"h-heading__outer style-5631 style-local-7303-c15\">\r\n                    <!---->\r\n                    <!---->\r\n                    <h4 class=\"\">Pajzsmirigy ultrahang vizsg\u00e1lat<\/h4>\r\n                  <\/div>\r\n                <\/div>\r\n                <div data-colibri-id=\"7303-c16\" class=\"h-text h-text-component style-5632 style-local-7303-c16 position-relative h-element\">\r\n                  <!---->\r\n                  <!---->\r\n                  <div class=\"\">\r\n                    <p>A pajzsmirigy ultrahang egy f\u00e1jdalommentes k\u00e9palkot\u00f3 vizsg\u00e1lat, amely a nyakon tal\u00e1lhat\u00f3 pajzsmirigy szerkezet\u00e9t \u00e9s m\u00e9ret\u00e9t vizsg\u00e1lja. Az elj\u00e1r\u00e1s seg\u00edt felismerni a pajzsmirigyben l\u00e9v\u0151 elv\u00e1ltoz\u00e1sokat. Ha az orvos rendelleness\u00e9get \u00e9szlel,\r\n                      tov\u00e1bbi vizsg\u00e1latokat vagy kezel\u00e9seket javasolhat. A pajzsmirigy ultrahang gyors \u00e9s hat\u00e9kony m\u00f3dja a pajzsmirigy rendelleness\u00e9geinek felismer\u00e9s\u00e9re \u00e9s nyomon k\u00f6vet\u00e9s\u00e9re.<\/p>\r\n                  <\/div>\r\n                <\/div>\r\n              <\/div>\r\n            <\/div>\r\n          <\/div>\r\n        <\/div>\r\n      <\/div>\r\n      <div data-colibri-id=\"7303-c17\" class=\"h-row-container gutters-row-lg-0 gutters-row-md-0 gutters-row-0 gutters-row-v-lg-0 gutters-row-v-md-0 gutters-row-v-0 style-5633 style-local-7303-c17 position-relative\">\r\n        <!---->\r\n        <div class=\"h-row justify-content-lg-center justify-content-md-center justify-content-center align-items-lg-stretch align-items-md-stretch align-items-stretch gutters-col-lg-0 gutters-col-md-0 gutters-col-0 gutters-col-v-lg-0 gutters-col-v-md-0 gutters-col-v-0\">\r\n          <!---->\r\n          <div class=\"h-column h-column-container d-flex h-col-lg-auto h-col-md-auto h-col-auto style-5634-outer style-local-7303-c18-outer\">\r\n            <div data-colibri-id=\"7303-c18\" class=\"d-flex h-flex-basis h-column__inner h-ui-empty-state-container h-px-lg-0 h-px-md-0 h-px-0 v-inner-lg-0 v-inner-md-0 v-inner-0 style-5634 style-local-7303-c18 position-relative\">\r\n              <!---->\r\n              <!---->\r\n              <div class=\"w-100 h-y-container h-column__content h-column__v-align flex-basis-100\">\r\n                <!---->\r\n              <\/div>\r\n            <\/div>\r\n          <\/div>\r\n          <div class=\"h-column h-column-container d-flex h-col-lg-auto h-col-md-auto h-col-auto style-5635-outer style-local-7303-c19-outer\">\r\n            <div data-colibri-id=\"7303-c19\" class=\"d-flex h-flex-basis h-column__inner h-px-lg-3 h-px-md-3 h-px-3 v-inner-lg-3 v-inner-md-3 v-inner-3 style-5635 style-local-7303-c19 position-relative\">\r\n              <!---->\r\n              <!---->\r\n              <div class=\"w-100 h-y-container h-column__content h-column__v-align flex-basis-100 align-self-lg-center align-self-md-center align-self-center\">\r\n                <!---->\r\n                <div data-colibri-id=\"7303-c20\" class=\"h-global-transition-all h-heading style-5636 style-local-7303-c20 position-relative h-element\">\r\n                  <!---->\r\n                  <div class=\"h-heading__outer style-5636 style-local-7303-c20\">\r\n                    <!---->\r\n                    <!---->\r\n                    <h4 class=\"\">Belgy\u00f3gy\u00e1szati vizsg\u00e1lat<\/h4>\r\n                  <\/div>\r\n                <\/div>\r\n                <div data-colibri-id=\"7303-c21\" class=\"h-text h-text-component style-5637 style-local-7303-c21 position-relative h-element\">\r\n                  <!---->\r\n                  <!---->\r\n                  <div class=\"\">\r\n                    <p>R\u00e9szletes fizik\u00e1lis \u00e1llapotfelm\u00e9r\u00e9s \u00e9s laborvizsg\u00e1latok alapj\u00e1n a sz\u00edv-\u00e9rrendszeri rizik\u00f3\u00e1llapotot hat\u00e1rozzuk meg, majd az \u00e9letkornak \u00e9s csal\u00e1di el\u0151zm\u00e9nyeknek megfelel\u0151 daganatsz\u0171r\u00e9sek t\u00f6rt\u00e9nnek.\r\n                      <br>Tov\u00e1bbi javaslatokat tesz\u00fcnk a kisz\u0171rt elv\u00e1ltoz\u00e1sok kezel\u00e9s\u00e9re.<\/p>\r\n                  <\/div>\r\n                <\/div>\r\n              <\/div>\r\n            <\/div>\r\n          <\/div>\r\n        <\/div>\r\n      <\/div>\r\n      <div data-colibri-id=\"7303-c22\" class=\"h-row-container gutters-row-lg-0 gutters-row-md-0 gutters-row-0 gutters-row-v-lg-0 gutters-row-v-md-0 gutters-row-v-0 style-5633 style-local-7303-c22 position-relative\">\r\n        <!---->\r\n        <div class=\"h-row justify-content-lg-center justify-content-md-center justify-content-center align-items-lg-stretch align-items-md-stretch align-items-stretch gutters-col-lg-0 gutters-col-md-0 gutters-col-0 gutters-col-v-lg-0 gutters-col-v-md-0 gutters-col-v-0\">\r\n          <!---->\r\n          <div class=\"h-column h-column-container d-flex h-col-lg-auto h-col-md-auto h-col-auto style-5638-outer style-local-7303-c23-outer\">\r\n            <div data-colibri-id=\"7303-c23\" class=\"d-flex h-flex-basis h-column__inner h-ui-empty-state-container h-px-lg-0 h-px-md-0 h-px-0 v-inner-lg-0 v-inner-md-0 v-inner-0 style-5638 style-local-7303-c23 position-relative\">\r\n              <!---->\r\n              <!---->\r\n              <div class=\"w-100 h-y-container h-column__content h-column__v-align flex-basis-100\">\r\n                <!---->\r\n              <\/div>\r\n            <\/div>\r\n          <\/div>\r\n          <div class=\"h-column h-column-container d-flex h-col-lg-auto h-col-md-auto h-col-auto style-5639-outer style-local-7303-c24-outer\">\r\n            <div data-colibri-id=\"7303-c24\" class=\"d-flex h-flex-basis h-column__inner h-px-lg-3 h-px-md-3 h-px-3 v-inner-lg-3 v-inner-md-3 v-inner-3 style-5639 style-local-7303-c24 position-relative\">\r\n              <!---->\r\n              <!---->\r\n              <div class=\"w-100 h-y-container h-column__content h-column__v-align flex-basis-100 align-self-lg-center align-self-md-center align-self-center\">\r\n                <!---->\r\n                <div data-colibri-id=\"7303-c25\" class=\"h-global-transition-all h-heading style-5636 style-local-7303-c25 position-relative h-element\">\r\n                  <!---->\r\n                  <div class=\"h-heading__outer style-5636 style-local-7303-c25\">\r\n                    <!---->\r\n                    <!---->\r\n                    <h4 class=\"\">Carotis Doppler vizsg\u00e1lat<\/h4>\r\n                  <\/div>\r\n                <\/div>\r\n                <div data-colibri-id=\"7303-c26\" class=\"h-text h-text-component style-5637 style-local-7303-c26 position-relative h-element\">\r\n                  <!---->\r\n                  <!---->\r\n                  <div class=\"\">\r\n                    <p>A Carotis Doppler vizsg\u00e1lat egy f\u00e1jdalommentes ultrahangos elj\u00e1r\u00e1s, amely a nyaki art\u00e9ri\u00e1k (carotisok) v\u00e9r\u00e1raml\u00e1s\u00e1t vizsg\u00e1lja. Ez a vizsg\u00e1lat seg\u00edt felismerni az art\u00e9ri\u00e1k sz\u0171k\u00fclet\u00e9t vagy elz\u00e1r\u00f3d\u00e1s\u00e1t, amelyek n\u00f6velhetik a stroke kock\u00e1zat\u00e1t.\r\n                      Az orvos a vizsg\u00e1lat sor\u00e1n egy ultrahangos szond\u00e1val vizsg\u00e1lja a nyaki art\u00e9ri\u00e1kat, \u00e9s \u00e9rt\u00e9keli a v\u00e9r \u00e1raml\u00e1s\u00e1t.\r\n                      <br>Ha rendelleness\u00e9get tal\u00e1l, tov\u00e1bbi kezel\u00e9seket javasolhat a sz\u0171k\u00fclet kezel\u00e9s\u00e9re \u00e9s a stroke megel\u0151z\u00e9s\u00e9re.<\/p>\r\n                  <\/div>\r\n                <\/div>\r\n              <\/div>\r\n            <\/div>\r\n          <\/div>\r\n        <\/div>\r\n      <\/div>\r\n    <\/div>\r\n  <\/div>\r\n  <div data-colibri-component=\"section\" data-colibri-id=\"7303-c27\" id=\"cta\" class=\"h-section h-section-global-spacing d-flex align-items-lg-center align-items-md-center align-items-center style-5616 style-local-7303-c27 position-relative\">\r\n    <div class=\"background-wrapper\">\r\n      <div class=\"background-layer background-layer-media-container-lg\">\r\n        <div data-enabled=\"true\" data-colibri-component=\"parallax\" class=\"background-layer paraxify\" model-id=\"7303-c27\" media=\"desktop\" is-preview=\"true\" style=\"background-image: url(&quot;http:\/\/foglegeszsegugy.videoton.hu\/wp-content\/uploads\/2024\/07\/6.jpg&quot;);\"><\/div>\r\n        <div class=\"overlay-layer\">\r\n          <div class=\"overlay-image-layer\" style=\"background-color: rgb(0, 0, 0); opacity: 0.5;\"><\/div>\r\n        <\/div>\r\n      <\/div>\r\n      <div class=\"background-layer background-layer-media-container-md\">\r\n        <!---->\r\n        <div class=\"overlay-layer\">\r\n          <div class=\"overlay-image-layer\" style=\"background-color: rgb(0, 0, 0); opacity: 0.5;\"><\/div>\r\n        <\/div>\r\n      <\/div>\r\n      <div class=\"background-layer background-layer-media-container\">\r\n        <!---->\r\n        <div class=\"overlay-layer\">\r\n          <div class=\"overlay-image-layer\" style=\"background-color: rgb(0, 0, 0); opacity: 0.5;\"><\/div>\r\n        <\/div>\r\n      <\/div>\r\n    <\/div>\r\n    <!---->\r\n    <div class=\"h-section-grid-container h-section-boxed-container\">\r\n      <!---->\r\n      <div data-colibri-id=\"7303-c28\" class=\"h-row-container gutters-row-lg-2 gutters-row-md-2 gutters-row-0 gutters-row-v-lg-2 gutters-row-v-md-2 gutters-row-v-2 style-5617 style-local-7303-c28 position-relative\">\r\n        <!---->\r\n        <div class=\"h-row justify-content-lg-center justify-content-md-center justify-content-center align-items-lg-stretch align-items-md-stretch align-items-stretch gutters-col-lg-2 gutters-col-md-2 gutters-col-0 gutters-col-v-lg-2 gutters-col-v-md-2 gutters-col-v-2\">\r\n          <!---->\r\n          <div class=\"h-column h-column-container d-flex h-col-lg-auto h-col-md-auto h-col-auto style-5618-outer style-local-7303-c29-outer\">\r\n            <div data-colibri-id=\"7303-c29\" class=\"d-flex h-flex-basis h-column__inner h-px-lg-0 h-px-md-0 h-px-2 v-inner-lg-0 v-inner-md-0 v-inner-2 style-5618 style-local-7303-c29 position-relative\">\r\n              <!---->\r\n              <!---->\r\n              <div class=\"w-100 h-y-container h-column__content h-column__v-align flex-basis-100 align-self-lg-start align-self-md-start align-self-start\">\r\n                <!---->\r\n                <div data-colibri-id=\"7303-c30\" class=\"h-global-transition-all h-heading style-5619 style-local-7303-c30 position-relative h-element\">\r\n                  <!---->\r\n                  <div class=\"h-heading__outer style-5619 style-local-7303-c30\">\r\n                    <!---->\r\n                    <!---->\r\n                    <h3 class=\"\">Vegye fel vel\u00fcnk a kapcsolatot!<\/h3>\r\n                  <\/div>\r\n                <\/div>\r\n                <div data-colibri-id=\"7303-c31\" class=\"h-x-container style-5620 style-local-7303-c31 position-relative h-element\">\r\n                  <!---->\r\n                  <div class=\"h-x-container-inner style-dynamic-7303-c31-group style-5620-spacing style-local-7303-c31-spacing\"><span class=\"h-button__outer style-5621-outer style-local-7303-c32-outer d-inline-flex h-element\"><a h-use-smooth-scroll=\"true\" href=\"https:\/\/foglegeszsegugy.videoton.hu\/index.php\/kapcsolat\/\"  data-colibri-id=\"7303-c32\" class=\"d-flex w-100 align-items-center h-button justify-content-lg-center justify-content-md-center justify-content-center style-5621 style-local-7303-c32 position-relative\"><!----><!----> <span>KAPCSOLAT<\/span><\/a>\r\n                    <\/span>\r\n                  <\/div>\r\n                <\/div>\r\n              <\/div>\r\n            <\/div>\r\n          <\/div>\r\n        <\/div>\r\n      <\/div>\r\n    <\/div>\r\n  <\/div>\r\n<\/div>","protected":false},"excerpt":{"rendered":"<p>Carotis + Pajzsmirigy sz\u0171r\u00e9s Laborat\u00f3riumi vizsg\u00e1lat A laborvizsg\u00e1lat v\u00e9n\u00e1s v\u00e9rv\u00e9telb\u0151l \u00e9s vizeletvizsg\u00e1latb\u00f3l \u00e1ll. A v\u00e9rv\u00e9telb\u0151l v\u00e9rk\u00e9p, m\u00e1jfunkci\u00f3s, vesefunkci\u00f3s, elektrolit elt\u00e9r\u00e9seket igazolhatunk. A 40 \u00e9v feletti f\u00e9rfiak eset\u00e9n PSA (prosztata specifikus antig\u00e9n) vizsg\u00e1lat t\u00f6rt\u00e9nik, hogy id\u0151ben kisz\u0171rhess\u00fck a prosztata daganatokat. Lehet\u0151s\u00e9g van sz\u00e9klet v\u00e9rvizsg\u00e1lat elv\u00e9gz\u00e9s\u00e9re is. Pajzsmirigy ultrahang vizsg\u00e1lat A pajzsmirigy ultrahang egy f\u00e1jdalommentes k\u00e9palkot\u00f3 vizsg\u00e1lat, [&hellip;]<\/p>\n","protected":false},"author":4,"featured_media":0,"parent":0,"menu_order":0,"comment_status":"closed","ping_status":"closed","template":"page-templates\/full-width-page.php","meta":{"footnotes":""},"class_list":["post-7303","page","type-page","status-publish","hentry"],"_links":{"self":[{"href":"https:\/\/foglegeszsegugy.videoton.hu\/index.php\/wp-json\/wp\/v2\/pages\/7303","targetHints":{"allow":["GET"]}}],"collection":[{"href":"https:\/\/foglegeszsegugy.videoton.hu\/index.php\/wp-json\/wp\/v2\/pages"}],"about":[{"href":"https:\/\/foglegeszsegugy.videoton.hu\/index.php\/wp-json\/wp\/v2\/types\/page"}],"author":[{"embeddable":true,"href":"https:\/\/foglegeszsegugy.videoton.hu\/index.php\/wp-json\/wp\/v2\/users\/4"}],"replies":[{"embeddable":true,"href":"https:\/\/foglegeszsegugy.videoton.hu\/index.php\/wp-json\/wp\/v2\/comments?post=7303"}],"version-history":[{"count":5,"href":"https:\/\/foglegeszsegugy.videoton.hu\/index.php\/wp-json\/wp\/v2\/pages\/7303\/revisions"}],"predecessor-version":[{"id":7764,"href":"https:\/\/foglegeszsegugy.videoton.hu\/index.php\/wp-json\/wp\/v2\/pages\/7303\/revisions\/7764"}],"wp:attachment":[{"href":"https:\/\/foglegeszsegugy.videoton.hu\/index.php\/wp-json\/wp\/v2\/media?parent=7303"}],"curies":[{"name":"wp","href":"https:\/\/api.w.org\/{rel}","templated":true}]}}