{"id":8150,"date":"2025-04-15T06:40:26","date_gmt":"2025-04-15T06:40:26","guid":{"rendered":"https:\/\/foglegeszsegugy.videoton.hu\/?page_id=8150"},"modified":"2025-04-15T08:14:25","modified_gmt":"2025-04-15T08:14:25","slug":"hepatitisa","status":"publish","type":"page","link":"https:\/\/foglegeszsegugy.videoton.hu\/index.php\/hepatitisa\/","title":{"rendered":"Tudnival\u00f3k a Hepatitis A fert\u0151z\u00e9sr\u0151l"},"content":{"rendered":"<div data-colibri-id=\"8150-c1\" class=\"style-5848 style-local-8150-c1 position-relative\">\n  <!---->\n  <div data-colibri-component=\"section\" data-colibri-id=\"8150-c2\" id=\"reusable-sections-2\" class=\"h-section h-section-global-spacing colibri-featured-img-bg d-flex align-items-lg-center align-items-md-center align-items-center style-5866 style-local-8150-c2 position-relative\">\n    <div class=\"background-wrapper\">\n      <div class=\"background-layer background-layer-media-container-lg\">\n        <!---->\n        <div class=\"overlay-layer\">\n          <div class=\"overlay-image-layer\" style=\"background-color: rgb(34, 96, 166); opacity: 0.5;\"><\/div>\n        <\/div>\n      <\/div>\n      <div class=\"background-layer background-layer-media-container-md\">\n        <!---->\n        <div class=\"overlay-layer\">\n          <div class=\"overlay-image-layer\" style=\"background-color: rgb(34, 96, 166); opacity: 0.5;\"><\/div>\n        <\/div>\n      <\/div>\n      <div class=\"background-layer background-layer-media-container\">\n        <!---->\n        <div class=\"overlay-layer\">\n          <div class=\"overlay-image-layer\" style=\"background-color: rgb(34, 96, 166); opacity: 0.5;\"><\/div>\n        <\/div>\n      <\/div>\n    <\/div>\n    <!---->\n    <div class=\"h-section-grid-container h-section-boxed-container\">\n      <!---->\n      <div data-colibri-id=\"8150-c3\" class=\"h-row-container gutters-row-lg-2 gutters-row-md-2 gutters-row-0 gutters-row-v-lg-2 gutters-row-v-md-2 gutters-row-v-2 style-5867 style-local-8150-c3 position-relative\">\n        <!---->\n        <div class=\"h-row justify-content-lg-center justify-content-md-center justify-content-center align-items-lg-stretch align-items-md-stretch align-items-stretch gutters-col-lg-2 gutters-col-md-2 gutters-col-0 gutters-col-v-lg-2 gutters-col-v-md-2 gutters-col-v-2\">\n          <!---->\n          <div class=\"h-column h-column-container d-flex h-col-lg-auto h-col-md-auto h-col-auto style-5868-outer style-local-8150-c4-outer\">\n            <div data-colibri-id=\"8150-c4\" class=\"d-flex h-flex-basis h-column__inner h-px-lg-2 h-px-md-2 h-px-2 v-inner-lg-2 v-inner-md-2 v-inner-2 style-5868 style-local-8150-c4 position-relative\">\n              <!---->\n              <!---->\n              <div class=\"w-100 h-y-container h-column__content h-column__v-align flex-basis-100 align-self-lg-start align-self-md-start align-self-start\">\n                <!---->\n                <div data-colibri-id=\"8150-c5\" class=\"h-global-transition-all h-heading style-5869 style-local-8150-c5 position-relative h-element\">\n                  <!---->\n                  <div class=\"h-heading__outer style-5869 style-local-8150-c5\">\n                    <!---->\n                    <!---->\n                    <h2 class=\"\">Tudnival\u00f3k a Hepatitis A fert\u0151z\u00e9sr\u0151l<\/h2>\n                  <\/div>\n                <\/div>\n              <\/div>\n            <\/div>\n          <\/div>\n        <\/div>\n      <\/div>\n    <\/div>\n  <\/div>\n  <div data-colibri-component=\"section\" data-colibri-id=\"8150-c6\" id=\"content\" class=\"h-section h-section-global-spacing d-flex align-items-lg-center align-items-md-center align-items-center style-5853 style-local-8150-c6 position-relative\">\n    <!---->\n    <!---->\n    <div class=\"h-section-grid-container h-section-boxed-container\">\n      <div data-colibri-id=\"8150-c9\" class=\"h-row-container gutters-row-lg-0 gutters-row-md-0 gutters-row-2 gutters-row-v-lg-0 gutters-row-v-md-0 gutters-row-v-0 style-5858 style-local-8150-c9 position-relative\">\n        <!---->\n        <div class=\"h-row justify-content-lg-center justify-content-md-center justify-content-center align-items-lg-center align-items-md-center align-items-center gutters-col-lg-0 gutters-col-md-0 gutters-col-2 gutters-col-v-lg-0 gutters-col-v-md-0 gutters-col-v-0\">\n          <!---->\n          <div class=\"h-column h-column-container d-flex h-col-lg-auto h-col-md-auto h-col-auto align-self-lg-center align-self-md-center align-self-center style-5859-outer style-local-8150-c10-outer\">\n            <div data-colibri-id=\"8150-c10\" class=\"d-flex h-flex-basis h-column__inner h-px-lg-2 h-px-md-2 h-px-0 v-inner-lg-2 v-inner-md-2 v-inner-0 style-5859 style-local-8150-c10 position-relative\">\n              <!---->\n              <!---->\n              <div class=\"w-100 h-y-container h-column__content h-column__v-align flex-basis-100 align-self-lg-start align-self-md-start align-self-start\">\n                <!---->\n                <div data-colibri-id=\"8150-c11\" class=\"h-text h-text-component style-5861 style-local-8150-c11 position-relative h-element\">\n                  <!---->\n                  <!---->\n                  <div class=\"\">\n                    <p>\n                      <br>A&nbsp;Nemzeti N\u00e9peg\u00e9szs\u00e9g\u00fcgyi \u00e9s Gy\u00f3gyszer\u00e9szeti K\u00f6zpont t\u00e1j\u00e9koztat\u00e1sa szerint az \u00e9v els\u0151 k\u00e9t h\u00f3napj\u00e1ban a tavalyi \u00e9v azonos id\u0151szak\u00e1hoz viszony\u00edtva h\u00e9tszeres\u00e9re n\u0151tt a hepatitis A fert\u0151z\u00e9s gyan\u00faj\u00e1val jelentett fert\u0151z\u0151 betegek sz\u00e1ma.\n                      A j\u00e1rv\u00e1nnyal legink\u00e1bb \u00e9rintett ter\u00fcletek: Budapest, Pest \u00e9s Fej\u00e9r v\u00e1rmegy\u00e9k. A fert\u0151z\u00e9s v\u00e1rhat\u00f3an tov\u00e1bb terjed, ez\u00e9rt fontos, hogy tiszt\u00e1ban legy\u00fcnk a v\u00edrus terjed\u00e9s\u00e9vel \u00e9s a megel\u0151z\u00e9s lehet\u0151s\u00e9geivel.<\/p>\n                    <p>A hepatitis A v\u00edrus okozta betegs\u00e9g a fejlett orsz\u00e1gokban ritka, a fejl\u0151d\u0151 orsz\u00e1gokban gyermekbetegs\u00e9gnek sz\u00e1m\u00edt, amit feln\u0151tt korra szinte mindenki \u00e1tv\u00e9szel.&nbsp;<\/p>\n                    <p>A v\u00edrus<\/p>\n                    <p><em>fert\u0151z\u00f6tt szem\u00e9lyek sz\u00e9klet\u00e9vel, egy h\u00e1ztart\u00e1sban \u00e9l\u0151k k\u00f6z\u00f6tt szoros kontaktus \u00fatj\u00e1n, k\u00f6z\u00f6ss\u00e9gekben k\u00f6z\u00f6s mosd\u00f3haszn\u00e1lattal <\/em>terjed. Fert\u0151z\u00e9st okozhat <em>sz\u00e9klettel szennyezett v\u00edz, j\u00e9g, szennyezett v\u00edzzel locsolt, vagy szennyezett k\u00e9zzel \u00e9rintett \u00e9tel<\/em>                      is. Ritk\u00e1bb esetekben szexu\u00e1lis \u00faton is \u00e1tadhat\u00f3 a v\u00edrus. A fert\u0151z\u00e9s gyakrabban fordul el\u0151 olyan helyeken, ahol <em>rossz higi\u00e9n\u00e9s szok\u00e1sok<\/em> vannak, tov\u00e1bb\u00e1 ott, ahol <em>nem biztos\u00edtott a v\u00edz tiszt\u00edt\u00e1sa<\/em> <em>\u00e9s a megfelel\u0151 tisztav\u00edz-ell\u00e1t\u00e1s<\/em>.<\/p>\n                    <p>\n                      <u>A fert\u0151z\u00e9s t\u00fcnetei lehetnek:<\/u>\n                    <\/p>\n                    <ul>\n                      <li>hasi f\u00e1jdalom, puffad\u00e1s, h\u00e1nyinger, \u00e9tv\u00e1gytalans\u00e1g<\/li>\n                      <li>rossz k\u00f6z\u00e9rzet, l\u00e1z, izom- \u00e9s \u00edz\u00fcleti f\u00e1jdalom<\/li>\n                      <li>s\u00e1rgas\u00e1g (a b\u0151r \u00e9s a szemfeh\u00e9rje bes\u00e1rgul\u00e1sa)<\/li>\n                    <\/ul>\n                    <p>Ha valaki ezeket a t\u00fcneteket tapasztalja, forduljon orvoshoz! A betegs\u00e9g \u00e1ltal\u00e1ban mag\u00e1t\u00f3l elm\u00falik n\u00e9h\u00e1ny h\u00e9t alatt, de a teljes fel\u00e9p\u00fcl\u00e9s ak\u00e1r 1-2 h\u00f3napig is eltarthat. Fontos, hogy a gy\u00f3gyul\u00e1s alatt ker\u00fclni kell az alkoholt \u00e9s m\u00e1s,\n                      a m\u00e1jat terhel\u0151 anyagokat. S\u00falyos esetekben k\u00f3rh\u00e1zi kezel\u00e9sre is sz\u00fcks\u00e9g lehet.<\/p>\n                    <p>\n                      <u>A v\u00edrusfert\u0151z\u00e9s terjed\u00e9s\u00e9nek megakad\u00e1lyoz\u00e1s\u00e1hoz tartsuk be az al\u00e1bbi szab\u00e1lyokat:<\/u>\n                    <\/p>\n                    <ul>\n                      <li>alapos k\u00e9zmos\u00e1s szappannal, k\u00fcl\u00f6n\u00f6sen WC-haszn\u00e1lat ut\u00e1n, \u00e9tkez\u00e9s \u00e9s \u00e9telk\u00e9sz\u00edt\u00e9s el\u0151tt,<\/li>\n                    <\/ul>\n                    <p>\u00b7&nbsp;&nbsp;&nbsp;&nbsp;&nbsp;&nbsp;&nbsp;&nbsp;fel\u00fcletek (mosd\u00f3k, illemhelyek, kilincsek, villanykapcsol\u00f3k stb.) HYP\u00d3VAL t\u00f6rt\u00e9n\u0151 fert\u0151tlen\u00edt\u00e9s\u00e9vel cs\u00f6kkenthet\u0151 a terjed\u00e9s kock\u00e1zata,<\/p>\n                    <ul>\n                      <li>ne osszunk meg m\u00e1sokkal ev\u0151eszk\u00f6zt, t\u00f6r\u00f6lk\u00f6z\u0151t vagy egy\u00e9b szem\u00e9lyes t\u00e1rgyakat,<\/li>\n                      <li>a fert\u0151z\u00f6ttek ker\u00fclj\u00e9k a testi kontaktust m\u00e1sokkal, \u00e9s ne vegyenek r\u00e9szt \u00e9telk\u00e9sz\u00edt\u00e9sben.<\/li>\n                    <\/ul>\n                    <p>A fert\u0151z\u00e9s vesz\u00e9ly\u00e9nek kitett kock\u00e1zati csoportokba tartoz\u00f3k eset\u00e9n javasolt a v\u00e9nyre, t\u00e9r\u00edt\u00e9s ellen\u00e9ben megv\u00e1s\u00e1rolhat\u00f3 hepatitis A elleni v\u00e9d\u0151olt\u00e1s.<\/p>\n                    <p>\n                      <br>\n                    <\/p>\n                    <p>\n                      <u>Fokozottan vesz\u00e9lyeztetettek<\/u> p\u00e9ld\u00e1ul:<\/p>\n                    <p>\u00b7&nbsp;&nbsp;&nbsp;&nbsp;&nbsp;&nbsp;&nbsp;&nbsp;fert\u0151z\u00f6tt szubtr\u00f3pusi vagy tr\u00f3pusi orsz\u00e1gokba utaz\u00f3k,<\/p>\n                    <p>\u00b7&nbsp;&nbsp;&nbsp;&nbsp;&nbsp;&nbsp;&nbsp;&nbsp;nem megfelel\u0151 higi\u00e9niai k\u00f6r\u00fclm\u00e9nyek k\u00f6z\u00f6tt \u00e9l\u0151k, vagy odautaz\u00f3k (pl. \u0171rg\u00f6dr\u00f6s WC-k vagy foly\u00f3v\u00edz hi\u00e1nya),<\/p>\n                    <p>\u00b7&nbsp;&nbsp;&nbsp;&nbsp;&nbsp;&nbsp;&nbsp;&nbsp;kr\u00f3nikus alapbetegs\u00e9ggel \u00e9l\u0151k (pl. hemof\u00edli\u00e1sok, kr\u00f3nikus hepatitis B vagy C v\u00edrushordoz\u00f3k).<\/p>\n                    <p>\u00b7&nbsp;&nbsp;&nbsp;&nbsp;&nbsp;&nbsp;&nbsp;&nbsp;\u00e9letm\u00f3djukb\u00f3l fakad\u00f3an fokozott hepatitis A fert\u0151z\u00e9s kock\u00e1zat\u00e1nak kitett emberek (pl. intrav\u00e9n\u00e1s k\u00e1b\u00edt\u00f3szer-haszn\u00e1l\u00f3k, MSM popul\u00e1ci\u00f3)<\/p>\n                    <p>A megel\u0151z\u00e9s \u00e9rdek\u00e9ben a megfelel\u0151 higi\u00e9n\u00e9s szab\u00e1lyok betart\u00e1sa kiemelten fontos, emellett orvosi javaslat alapj\u00e1n (v\u00e9nyre) a patik\u00e1kban t\u00e9r\u00edt\u00e9s ellen\u00e9ben v\u00e9d\u0151olt\u00e1s is el\u00e9rhet\u0151.<\/p>\n                    <p>Ha olyan orsz\u00e1gba utazunk, ahol gyakori a hepatitis A, \u00e9rdemes k\u00fcl\u00f6n\u00f6sen figyelni a k\u00f6vetkez\u0151 dolgokra:<\/p>\n                    <ul>\n                      <li>Mossuk meg palackozott v\u00edzzel \u00e9s h\u00e1mozzuk meg a gy\u00fcm\u00f6lcs\u00f6ket \u00e9s z\u00f6lds\u00e9geket! Amit nem lehet megh\u00e1mozni, azt ne fogyasszuk!<\/li>\n                      <li>Ker\u00fclj\u00fck a nyers \u00e9telek fogyaszt\u00e1s\u00e1t!<\/li>\n                      <li>Igyunk palackozott vizet, \u00e9s ezt haszn\u00e1ljuk fogmos\u00e1shoz is!<\/li>\n                      <li>Ne tegy\u00fcnk j\u00e9gkock\u00e1t az italunkba!<\/li>\n                      <li>Ker\u00fclj\u00fck a szabadv\u00edzi f\u00fcrd\u0151z\u00e9st.<\/li>\n                    <\/ul>\n                    <p>\n                      <br>\n                    <\/p>\n                    <p class=\"ql-indent-2\"><strong>A megfelel\u0151 higi\u00e9niai szok\u00e1sok \u00e9s a v\u00e9d\u0151olt\u00e1s seg\u00edtenek megel\u0151zni a betegs\u00e9get!<\/strong>\n                      <br>\n                      <br>\n                    <\/p>\n                    <p>\n                      <br>\n                    <\/p>\n                  <\/div>\n                <\/div>\n              <\/div>\n            <\/div>\n          <\/div>\n        <\/div>\n      <\/div>\n      <div data-colibri-id=\"8150-c7\" class=\"h-row-container gutters-row-lg-0 gutters-row-md-0 gutters-row-2 gutters-row-v-lg-0 gutters-row-v-md-0 gutters-row-v-0 style-5854 style-local-8150-c7 position-relative\">\n        <!---->\n        <div class=\"h-row justify-content-lg-center justify-content-md-center justify-content-center align-items-lg-center align-items-md-center align-items-center gutters-col-lg-0 gutters-col-md-0 gutters-col-2 gutters-col-v-lg-0 gutters-col-v-md-0 gutters-col-v-0\">\n          <!---->\n          <div class=\"h-column h-column-container d-flex h-col-lg-auto h-col-md-auto h-col-auto align-self-lg-center align-self-md-center align-self-center style-5855-outer style-local-8150-c8-outer\">\n            <div data-colibri-id=\"8150-c8\" class=\"d-flex h-flex-basis h-column__inner h-ui-empty-state-container h-px-lg-0 h-px-md-0 h-px-0 v-inner-lg-0 v-inner-md-0 v-inner-0 style-5855 style-local-8150-c8 position-relative\">\n              <!---->\n              <!---->\n              <div class=\"w-100 h-y-container h-column__content h-column__v-align flex-basis-100\">\n                <!---->\n              <\/div>\n            <\/div>\n          <\/div>\n        <\/div>\n      <\/div>\n    <\/div>\n  <\/div>\n<\/div>","protected":false},"excerpt":{"rendered":"<p>Tudnival\u00f3k a Hepatitis A fert\u0151z\u00e9sr\u0151l A&nbsp;Nemzeti N\u00e9peg\u00e9szs\u00e9g\u00fcgyi \u00e9s Gy\u00f3gyszer\u00e9szeti K\u00f6zpont t\u00e1j\u00e9koztat\u00e1sa szerint az \u00e9v els\u0151 k\u00e9t h\u00f3napj\u00e1ban a tavalyi \u00e9v azonos id\u0151szak\u00e1hoz viszony\u00edtva h\u00e9tszeres\u00e9re n\u0151tt a hepatitis A fert\u0151z\u00e9s gyan\u00faj\u00e1val jelentett fert\u0151z\u0151 betegek sz\u00e1ma. A j\u00e1rv\u00e1nnyal legink\u00e1bb \u00e9rintett ter\u00fcletek: Budapest, Pest \u00e9s Fej\u00e9r v\u00e1rmegy\u00e9k. A fert\u0151z\u00e9s v\u00e1rhat\u00f3an tov\u00e1bb terjed, ez\u00e9rt fontos, hogy tiszt\u00e1ban legy\u00fcnk a [&hellip;]<\/p>\n","protected":false},"author":4,"featured_media":0,"parent":0,"menu_order":0,"comment_status":"closed","ping_status":"open","template":"page-templates\/full-width-page.php","meta":{"footnotes":""},"class_list":["post-8150","page","type-page","status-publish","hentry"],"_links":{"self":[{"href":"https:\/\/foglegeszsegugy.videoton.hu\/index.php\/wp-json\/wp\/v2\/pages\/8150","targetHints":{"allow":["GET"]}}],"collection":[{"href":"https:\/\/foglegeszsegugy.videoton.hu\/index.php\/wp-json\/wp\/v2\/pages"}],"about":[{"href":"https:\/\/foglegeszsegugy.videoton.hu\/index.php\/wp-json\/wp\/v2\/types\/page"}],"author":[{"embeddable":true,"href":"https:\/\/foglegeszsegugy.videoton.hu\/index.php\/wp-json\/wp\/v2\/users\/4"}],"replies":[{"embeddable":true,"href":"https:\/\/foglegeszsegugy.videoton.hu\/index.php\/wp-json\/wp\/v2\/comments?post=8150"}],"version-history":[{"count":10,"href":"https:\/\/foglegeszsegugy.videoton.hu\/index.php\/wp-json\/wp\/v2\/pages\/8150\/revisions"}],"predecessor-version":[{"id":8214,"href":"https:\/\/foglegeszsegugy.videoton.hu\/index.php\/wp-json\/wp\/v2\/pages\/8150\/revisions\/8214"}],"wp:attachment":[{"href":"https:\/\/foglegeszsegugy.videoton.hu\/index.php\/wp-json\/wp\/v2\/media?parent=8150"}],"curies":[{"name":"wp","href":"https:\/\/api.w.org\/{rel}","templated":true}]}}